(-4)?
9
Let a(h) = -h - 1. Let z(w) = 4*w + 11. Let d(x) = -3*a(x) - z(x). Let l be d(-9). Let v(g) = -5*g + 1. Determine v(l).
-4
Let k(r) = r + 9. Let o be -2*(-8)/4 - (64 + -50). Determine k(o).
-1
Let a(t) = 9*t**2 + 12*t + 6. Let v(i) = -14*i**2 - 18*i - 10. Let j(n) = 8*a(n) + 5*v(n). What is j(-5)?
18
Suppose 4*s - 14 = 54. Let h(z) = -s*z + 9*z + 4 - 4. What is h(1)?
-8
Let p = -35 + 37. Let i(b) = 2 + 75*b + p - 76*b. Give i(7).
-3
Let q(k) = -6*k**3 + 6*k**2 - 3*k. Let w(x) = x**3 + x - 1. Suppose -3*l = 3*b + 3, 4*l = 2*b + 3*b - 40. Let t(j) = l*w(j) - q(j). What is t(6)?
-7
Let q be ((-3)/21*-21)/(1 - 2). Let s(i) be the first derivative of -i**2 + 4*i + 2. Calculate s(q).
10
Suppose 4*c - 4 = 3*c. Let x = -8 + 10. Let o(v) = 8*v + v**2 - 4*v - 1 - 2*v**2 + 0*v**x. Determine o(c).
-1
Suppose -y = -2*f + y + 6, 3*y = -f + 15. Let q(s) be the third derivative of s**4/12 - 3*s**3/2 + 7*s**2 + 19*s. What is q(f)?
3
Let u = 437 - 436. Let l(q) be the first derivative of 3*q + u - 1/3*q**3 + 3*q**2. What is l(5)?
8
Let f be 330/50 - (-6)/15*1. Let v(x) = x - 6. Calculate v(f).
1
Let t(a) = -5*a**3 - 13*a**2 - 7*a + 5. Let k(v) = v**3 + v**2 - 2. Let w(h) = 4*k(h) + t(h). Calculate w(-8).
-11
Let b(k) = -k**2 - k - 13. Let x(w) = -1. Let d(s) = b(s) - 6*x(s). Let c(h) = -7*h + 21. Let p be c(3). What is d(p)?
-7
Let j(q) = 5*q**3 - 6*q**2 - 16*q + 3. Let l(y) = 4*y**3 - 6*y**2 - 14*y + 3. Let i(v) = -5*j(v) + 6*l(v). Determine i(-4).
-13
Let j = -153 - -147. Let l(y) = -y**3 - 7*y**2 - 5*y + 6. What is l(j)?
0
Suppose k + 2*i + 1 = 0, 0 = 5*i - 10*i - 10. Let v(y) = 5 + 5*y - 4*y + 4 - k. What is v(-3)?
3
Let t be ((-12)/90*3)/(1/(-15)). Let v(p) = -p**2 + 8*p - 6. What is v(t)?
6
Let j be 10/(-8) + 1 + 2*(-510)/272. Let t(r) be the first derivative of 1/2*r**2 - 1/4*r**4 - r**3 - 1 - 5*r. What is t(j)?
7
Let y be (-2)/(11 + (-194)/18). Let s(f) = f - 12. What is s(y)?
-21
Suppose -d = v + v + 19, 5*d - 3*v = -82. Let g = d + 20. Let f(b) = b**3 - 4*b**2 + 2*b - 1. Calculate f(g).
-4
Suppose -41*n = -44*n + 30. Let v(p) = -3*p**3 + p**3 - n*p - 1 + 3*p**2 + 9*p. Calculate v(2).
-7
Let n = -3 + 0. Let w(x) = 2*x - 3. Let l(g) = 10*g - 16. Let c(v) = n*l(v) + 16*w(v). Let k be c(1). Let h(t) = t**2 - 3*t + 3. Determine h(k).
1
Let m(i) = i**3 + 5*i**2 - 3*i + 6. Suppose 2*n - 4*n = 0. Suppose 5*u + 0*g - 2*g + 35 = n, 2*u - 2*g = -14. Let f = u + 1. Give m(f).
-12
Let n(i) = 6 + i**3 + 2*i + 6*i + 0 + 7*i**2 + 0*i**2. Let k be 24/336 - (-170)/(-28). What is n(k)?
-6
Let h(s) be the second derivative of -3*s**2 + 0 - 2/3*s**3 + 40*s - 1/12*s**4. Let k be (2*1)/((-1)/2). Calculate h(k).
-6
Let y = 46 + -52. Let w be (-4)/(-1) + 0/(-2 - y). Let o(r) = -r**2 - 2*r + 5. Calculate o(w).
-19
Let u(h) = -15*h**2 + 31*h + 3. Let n(v) be the first derivative of 7*v**3/3 - 15*v**2/2 - v + 25. Let c(p) = 13*n(p) + 6*u(p). Calculate c(8).
-3
Let r(t) = -t + 2. Suppose -2*o + o - 40 = 3*k, 0 = 5*k - 3*o + 76. Let b = k - -17. Give r(b).
-1
Let i(c) = -c**2 + 5*c + 31 - 125 + 31 + 29 + 29. Suppose -5 = -5*l + 3*s, -5*l = -2*s + 5*s - 35. Determine i(l).
-1
Let h = -23 - -19. Let j be (-6)/(-8) + (-29)/h. Let b(q) = -j*q - q**2 + 8*q - 5 + 6*q. Calculate b(4).
3
Let z(v) = -5*v**2 - 2*v + 4. Let j(d) = -5*d**2 - 2*d + 5. Let i(k) = 3*j(k) - 4*z(k). Give i(-3).
38
Let o(a) = 1 + 2*a - 4*a + 0. Let l(i) = 357*i - 1065. Let p be l(3). Calculate o(p).
-11
Let b = -38 + 40. Let u(o) = -5 + 0*o**3 - 1 - 4*o + 2*o**2 + o**3 + o**b. Give u(-4).
-6
Let p(k) be the second derivative of -k**4/12 - 13*k**3/6 - 7*k**2 - 20*k. What is p(-12)?
-2
Suppose 11*v = 5*v - 36. Let k(p) be the third derivative of p**5/60 + 7*p**4/24 + 5*p**3/6 - 3*p**2. What is k(v)?
-1
Let l(i) be the first derivative of -i**3/3 - 2*i**2 + 10*i - 69. Calculate l(-5).
5
Let d(f) = 12*f + 1. Let n be d(5). Let l(z) = -60*z + 1 - 5*z**2 + n*z - 1. Let m(w) = w**2 + 7*w + 7. Let i be m(-6). Give l(i).
-4
Suppose -r - 3*q = 12, -q = r - 0*q + 4. Suppose j + 4*j - 15 = r. Let i(s) = -4*s**3 + 2*s + 3*s**j - 4 - 7*s - 4*s**2. Calculate i(-3).
2
Let w(m) = m + 7. Let s(n) = 5*n + 1. Let c(y) = -s(y) + 2*w(y). Calculate c(4).
1
Let y(f) = 2*f - 9. Suppose 4*r = r + 15. Suppose 11 = r*c - 34. Let x = -3 + c. Calculate y(x).
3
Let g(r) = -r**3 - 3*r**2 + 2. Suppose -2 = 3*t + 2*i + 12, 0 = 3*t + i + 16. Let a be (252/(-15))/(-4) + 2/(-10). Let f = t + a. Calculate g(f).
-2
Let w(f) be the second derivative of -f**5/20 + f**4/4 + 4*f**3/3 - 3*f**2 + 60*f. Calculate w(5).
-16
Let u be 286/65 + 6/(-15). Let g(a) = 4*a + 5. Give g(u).
21
Let a = -2568 + 7705/3. Let l(b) be the third derivative of a*b**3 + 0 + 1/12*b**4 + 1/120*b**6 + 0*b + 11*b**2 - 1/60*b**5. Calculate l(-2).
-14
Let i = 561 - 559. Let d(y) = -2*y**2 - y + 2. Give d(i).
-8
Suppose -1 = 2*h - 37. Let o(v) = -16 + 3*v - v + h. Calculate o(6).
14
Let j(p) be the third derivative of p**4/8 - 2*p**3/3 + 2*p**2. Let f be (1 + -1)/((-2)/1). Let h be j(f). Let y(n) = -2*n**2 - 7*n - 4. Calculate y(h).
-8
Let j(y) = 6*y. Let d(h) = h. Let o(v) = 8*d(v) - j(v). Let s be 58/8 - 9/(-12). Let m be (s/(-14))/((-2)/14). What is o(m)?
8
Let o(l) = l**3 - 11*l**2 + 12*l - 15. Let p be o(10). Let k(j) be the first derivative of j**2/2 - 3*j + 3. What is k(p)?
2
Let g(y) = 9*y**3 + 5*y**2 + y + 29. Let n(v) = -v**3 - v**2 - 4. Let l(r) = g(r) + 8*n(r). Suppose 0 = 4*h - 7*h + 9. Give l(h).
0
Let c(n) be the first derivative of n**4/4 - n**2 + n - 150. Determine c(1).
0
Let y(k) = k**3 + 32*k**2 + 12*k - 20. Let q(t) = -2*t**3 - 59*t**2 - 24*t + 39. Let i(v) = 4*q(v) + 7*y(v). Calculate i(-11).
27
Let l(j) = 4*j**3 + 2*j**3 + 2*j - 16 + 11*j**2 - 7*j**3. Determine l(11).
6
Let g be (8/(-36))/(12/(-18)). Let c(d) be the second derivative of 1/2*d**2 + 12*d + 0 + g*d**3. What is c(-2)?
-3
Let k(p) = p**2 - 5*p - 10. Let u be (0 - 2) + (7 - 1). Suppose -u*a + 48 = -0*a. Let v be (-168)/a*1/(-2). Give k(v).
4
Let s(a) = -a**2 + 34*a - 289. Let n be s(17). Let w(b) be the third derivative of n*b - 1/2*b**3 - 10*b**2 + 0 - 1/6*b**4 - 1/60*b**6 - 1/20*b**5. Give w(-2).
9
Suppose -2*d = 3*d - 20, -5*c = -4*d + 1. Let g be (c + 3)*2/(-2). Let l(f) = -2*f - 4*f + 15 - 13 + 5*f. Give l(g).
8
Let v(a) = 2*a**3 - a**2 + a + 2. Let b be v(2). Let c = b - 21. Let k(s) = -s**2 - 2*s + 4. Determine k(c).
-11
Let w(h) = -h - 8. Let r(f) = 4*f + 3. Let v be r(3). Suppose -3*m = 2*m - v. Suppose m*q = -0*q. What is w(q)?
-8
Let v(q) be the first derivative of q**4/4 - q**3/3 - q**2 - q + 25. Let m(l) = 2*l**3 - l**2 - 3*l - 2. Let z(w) = -2*m(w) + 3*v(w). Calculate z(1).
-1
Let y(q) be the third derivative of -q**6/120 + q**5/10 + q**4/3 + q**3/3 - 2*q**2 + 55. Give y(7).
9
Let w(l) be the second derivative of -1/3*l**3 + 8*l + 5/2*l**2 + 0. What is w(5)?
-5
Suppose o - 2 = -0. Suppose -4*c - 2 = 3*t, 0*c = -c - o. Let d(j) = -2*j**3 + 2*j**2 - 3*j + 1. Determine d(t).
-13
Let i = -5 - -11. Let u(z) = -2*z**2 - i + 3 + 7*z - 2*z**2 - 5*z + z**3. What is u(4)?
5
Let m be 0 - 0 - (-510)/10. Let x(b) = -22 + m - 23 - b + 2*b. Give x(5).
11
Let i(o) = 3*o**3 + 3*o - 2. Let g = -783 - -784. Determine i(g).
4
Let q(a) be the second derivative of 0 + 1/12*a**4 - 1/2*a**3 - a**2 - 5*a + 1/20*a**5. Calculate q(-2).
0
Let w(g) = -3*g - 6 - 3*g**3 + 9*g - 4*g**2 + 2*g**3. Let z be (6/4 + -1)*(-10)/1. What is w(z)?
-11
Let k = -212/3 + 71. Let u(l) be the first derivative of 6*l + 3 + k*l**3 + 4*l**2. What is u(-6)?
-6
Suppose -25*x + 129 = -146. Let h(w) = w**2 - 11*w + 5. Calculate h(x).
5
Suppose -45 = 5*c + 135. Let h be c/60*(1 + -6). Let p(x) = -4*x**3 + 3*x**3 + 7*x**2 + 4 - 9*x + h*x + 0. Give p(6).
4
Let u(p) = -3*p**3 - 20*p**2 + 6*p - 8. Suppose 0 = -39*n - 166 - 107. Calculate u(n).
-1
Let g be (-5)/15 + 32/6. Let m(q) = 3*q + 1 - 5 + g*q**2 - 2*q**2 - 4*q**2. Calculate m(5).
-14
Let p(a) be the first derivative of a**4/4 - 4*a**3/3 - 2*a**2 + 2. Suppose -2*x + 2 = -x. Suppose -x*z - 2 = 3*y, 3*y = -3*z - 0*y + 3. Give p(z).
5
Suppose 8 = 4*t - 8. Let g(l) = 150 - 149 + l**2 + 9*l + 2*l**2 - t*l**2. Calculate g(8).
9
Let f(v) = -v**2 + 1. Let j be f(1). Let l(d) = -9*d - 24. Let g(h) = 7*h + 19. Let z(x) = -4*g(x) - 3*l(x). Calculate z(j).
-4
Let a(j) = -2*j**3 - 101*j**2 +